f 97218 and 2.
2
What is the highest common divisor of 41710 and 11155?
485
What is the greatest common divisor of 60904 and 4?
4
What is the highest common divisor of 21853 and 112463?
533
What is the highest common factor of 14133 and 1479927?
2019
What is the highest common divisor of 41796 and 252?
36
Calculate the greatest common divisor of 14 and 103166.
14
What is the highest common divisor of 403130 and 58240?
910
Calculate the greatest common factor of 16948 and 589.
19
Calculate the greatest common factor of 726 and 72237.
363
What is the greatest common factor of 90 and 1977770?
10
What is the greatest common factor of 722 and 95?
19
Calculate the greatest common factor of 147 and 2163.
21
Calculate the highest common divisor of 271 and 226285.
271
Calculate the highest common divisor of 672 and 6195.
21
What is the greatest common factor of 869350 and 50?
50
What is the greatest common divisor of 6320 and 370?
10
Calculate the highest common divisor of 7176 and 210795.
897
Calculate the highest common divisor of 6786 and 19836.
522
Calculate the greatest common divisor of 224 and 13496.
56
Calculate the highest common factor of 40527 and 1896.
237
What is the greatest common divisor of 915127 and 17?
17
Calculate the greatest common divisor of 1228160 and 20.
20
Calculate the greatest common factor of 867484 and 1644.
548
Calculate the highest common factor of 246 and 36489.
3
What is the greatest common divisor of 2320 and 8555?
145
Calculate the highest common divisor of 1372 and 2386594.
686
Calculate the highest common factor of 56472 and 13416.
312
What is the greatest common divisor of 14 and 315553?
7
What is the highest common divisor of 2940 and 643650?
210
Calculate the highest common divisor of 3252374 and 74.
74
What is the highest common factor of 70656 and 468?
12
What is the highest common divisor of 36 and 169512?
12
What is the greatest common divisor of 672 and 352884?
84
Calculate the greatest common factor of 574 and 42722.
82
What is the highest common factor of 280271 and 124?
31
Calculate the highest common divisor of 45264 and 1173.
69
What is the greatest common factor of 520 and 24284?
52
What is the highest common factor of 117 and 543?
3
What is the greatest common divisor of 1740135 and 45?
15
What is the greatest common divisor of 716 and 85920?
716
What is the greatest common divisor of 33195 and 405?
15
Calculate the greatest common divisor of 8648 and 131928.
184
Calculate the greatest common divisor of 10140 and 600.
60
Calculate the greatest common factor of 88496 and 32.
16
What is the highest common factor of 54 and 238014?
18
Calculate the greatest common divisor of 304 and 25384.
152
What is the highest common divisor of 3326436 and 18?
18
What is the highest common divisor of 442 and 575926?
442
Calculate the greatest common factor of 1072 and 761924.
268
What is the highest common factor of 97870 and 70?
10
Calculate the greatest common factor of 27 and 209439.
27
What is the highest common divisor of 9600 and 25440?
480
Calculate the greatest common divisor of 2550 and 9350.
850
What is the greatest common divisor of 8762592 and 388?
388
Calculate the greatest common divisor of 21780 and 133848.
396
Calculate the greatest common factor of 873 and 131499.
9
What is the highest common divisor of 53576 and 592?
296
Calculate the greatest common factor of 249 and 66483.
249
What is the greatest common divisor of 770316 and 276?
276
Calculate the highest common divisor of 117 and 456741.
9
What is the highest common factor of 26352 and 9288?
216
What is the highest common divisor of 154352 and 1936?
176
Calculate the greatest common factor of 76 and 19323.
19
What is the greatest common factor of 490 and 3724?
98
What is the greatest common factor of 24 and 10232?
8
Calculate the greatest common divisor of 684 and 468692.
76
What is the greatest common factor of 808738 and 14?
14
What is the greatest common factor of 46562 and 558?
62
Calculate the greatest common factor of 2673 and 1097712.
891
What is the highest common divisor of 438075 and 99?
99
What is the greatest common divisor of 436 and 82186?
218
What is the highest common factor of 2 and 83757?
1
What is the greatest common factor of 80487 and 66?
33
What is the greatest common factor of 481275 and 31?
31
What is the greatest common factor of 9616 and 256?
16
Calculate the highest common factor of 273 and 2446665.
39
What is the highest common factor of 305 and 3466325?
305
Calculate the greatest common divisor of 70 and 3710.
70
What is the highest common divisor of 1082 and 2?
2
What is the greatest common factor of 3894 and 198?
66
What is the highest common divisor of 54060 and 47753?
901
What is the highest common divisor of 456953 and 1624?
203
What is the greatest common factor of 276 and 5388?
12
What is the greatest common divisor of 19760 and 3610?
190
Calculate the greatest common factor of 9834 and 198.
66
Calculate the highest common factor of 78438 and 510.
102
Calculate the greatest common divisor of 444 and 576.
12
Calculate the highest common divisor of 960 and 6780.
60
What is the greatest common divisor of 10962 and 28?
14
Calculate the highest common divisor of 4526 and 7750.
62
Calculate the highest common factor of 3289223 and 147.
49
What is the highest common factor of 411 and 809533?
137
What is the greatest common factor of 66 and 1120284?
66
Calculate the greatest common factor of 910 and 21595.
35
What is the greatest common divisor of 10 and 15605?
5
What is the highest common divisor of 327 and 79?
1
Calculate the highest common divisor of 848 and 102449.
53
Calculate the highest common factor of 768 and 1944.
24
Calculate the highest common factor of 5 and 1770085.
5
Calculate the highest common factor of 21 and 414174.
3
Calculate the highest common factor of 319 and 3.
1
What is the highest common divisor of 2409438 and 438?
438
What is the highest common divisor of 1287 and 116127?
99
What is the greatest common factor of 140 and 4895870?
70
Calculate the highest common factor of 6331 and 1573.
13
What is the highest common factor of 6 and 1379523?
3
Calculate the greatest common divisor of 1220 and 11956.
244
What is the highest common divisor of 23 and 7770941?
23
What is the highest common divisor of 73 and 9?
1
Calculate the highest common factor of 473424 and 336.
336
What is the greatest common divisor of 36366 and 2146?
58
Calculate the highest common factor of 1370 and 20450.
10
Calculate the highest common divisor of 54 and 99117.
27
What is the highest common divisor of 59070 and 1015?
5
What is the highest common divisor of 11155 and 345?
115
Calculate the greatest common divisor of 6066 and 2304.
18
What is the highest common factor of 10335 and 510?
15
What is the highest common factor of 217091 and 14?
7
Calculate the greatest common divisor of 3906 and 11466.
126
What is the highest common divisor of 36428 and 196?
28
Calculate the highest common factor of 65056 and 7597.
107
Calculate the greatest common divisor of 916314 and 42.
42
Calculate the highest common divisor of 202 and 33734.
202
What is the greatest common factor of 2720750 and 500?
250
What is the highest common divisor of 674327 and 82?
41
Calculate the greatest common divisor of 51 and 2947783.
17
Calculate the highest common factor of 59234 and 14.
14
Calculate the greatest common divisor of 74250 and 561.
33
Calculate the greatest common divisor of 8008 and 64792.
728
Calculate the highest common factor of 108 and 19692.
36
Calculate the greatest common factor of 5131 and 11728.
733
Calculate the greatest common divisor of 867 and 7701.
51
What is the greatest common divisor of 4 and 2249?
1
What is the highest common divisor of 18 and 697158?
18
What is the highest common divisor of 415727 and 566?
283
What is the highest common divisor of 108380 and 760?
20
Calculate the highest common divisor of 2498 and 42.
2
Calculate the highest common divisor of 5152 and 124292.
644
What is the highest common divisor of 3402 and 1278?
18
What is the greatest common factor of 113 and 304?
1
What is the greatest common divisor of 5454 and 39390?
606
What is the greatest common factor of 25 and 91775?
25
Calculate the highest